 + 559*o**2 + 7*o + 96. What is h(-7)?
-2
Let u(j) = -5*j**3 - 17*j**2 + 1671*j + 3374. Calculate u(-2).
4
Let p(x) = x**2 + 152*x + 1566. What is p(-10)?
146
Let k(m) = -m**2 + 1304*m + 161425. Determine k(-114).
-227
Let k(q) = 742*q + 11888. Calculate k(-16).
16
Let j(y) = 10*y**3 + 326*y**2 - 65*y + 43. Give j(-33).
-2168
Let d(w) = 198035*w - 990183. Determine d(5).
-8
Let x(j) = 51598*j - 825573. Determine x(16).
-5
Let f(t) = 23*t**2 - 1201*t + 224. Give f(52).
-36
Let m(s) = 1127*s + 425987. Calculate m(-378).
-19
Let k(u) = -1660*u + 2509. Calculate k(1).
849
Let p(t) = 11*t**2 - 1456*t - 8709. Determine p(138).
-153
Let a(c) = -5*c**2 + 879*c + 5441. Give a(182).
-201
Let q(x) = 1384*x**3 - 3*x**2 - 135*x - 132. Give q(-1).
-1384
Let m(p) = 4513*p + 153370. Give m(-34).
-72
Let o(d) = -d**3 + 9*d**2 + 89*d + 114. What is o(-5)?
19
Let r(b) = -b**2 + 2082*b + 56914. Determine r(-27).
-29
Let s(j) = -5*j**2 - 151*j - 863. Give s(-37).
-2121
Let a(h) = 3868*h**2 - 100539*h - 740. Calculate a(26).
14
Let t(k) = -51*k**3 + 134*k**2 - 131*k - 2. Determine t(1).
-50
Let a(y) = -54*y + 4090. Determine a(75).
40
Let x(y) = -y**3 + 79*y**2 - 182*y - 3636. Determine x(76).
-140
Let v(t) = 5*t**3 - 50*t**2 + 736. Give v(7).
1
Let g(s) = 890*s - 25580. Give g(29).
230
Let o(x) = 1701*x - 8180. Give o(4).
-1376
Let c(q) = -q**3 + 31*q**2 + 525*q - 16975. What is c(26)?
55
Let o(j) = 1586*j - 63361. Calculate o(40).
79
Let o(q) = -q**3 - 159*q**2 - 1631*q - 86. Give o(-11).
-53
Let l(m) = -2*m**3 + 99*m**2 + 1810*m + 4478. Calculate l(-3).
-7
Let m(c) = -2173*c + 232501. Give m(107).
-10
Let g(y) = 2*y**3 - 24*y**2 + 14*y - 533. Calculate g(13).
-13
Let g(y) = -24373*y + 8116264. Determine g(333).
55
Let u(x) = 45*x - 10205. What is u(228)?
55
Let g(k) = 186*k**2 - 1952*k + 12. Calculate g(10).
-908
Let x(u) = -66*u**2 + 3093*u + 193. Calculate x(47).
-230
Let y(v) = v**3 - 146*v**2 + 4707*v - 308. Calculate y(98).
-14
Let c(z) = -325*z**2 + 861*z + 1725. What is c(-2)?
-1297
Let j(w) = -2*w**3 + 89*w**2 + 39*w - 154. Give j(45).
-424
Let k(u) = -576*u**2 - 171*u + 130. Calculate k(1).
-617
Let h(t) = -t**3 + 181*t**2 + 3550*t + 6375. Give h(199).
7
Let j(n) = n**3 + 68*n**2 + 224*n - 815. What is j(-64)?
1233
Let k(d) = 296*d - 439. What is k(5)?
1041
Let v(n) = -76*n + 11959. Calculate v(158).
-49
Let x(c) = -6*c**3 - 191*c**2 - 143*c + 368. Calculate x(-31).
-4
Let v(p) = -p**2 + 15*p - 81. Give v(27).
-405
Let m(q) = -697473*q + 2789899. What is m(4)?
7
Let q(h) = -2656*h**2 + 565727*h + 219. Calculate q(213).
6
Let w(y) = -23*y**2 + 289*y + 2. What is w(14)?
-460
Let q(h) = -46874*h + 2578077. Calculate q(55).
7
Let u(l) = -2*l**3 + 32*l**2 + 169*l - 120. Give u(20).
60
Let u(g) = 2*g**3 - 75*g**2 - 1084*g - 400. Determine u(-11).
-213
Let q(b) = 810*b + 221930. Give q(-274).
-10
Let d(u) = 11793*u - 224024. Calculate d(19).
43
Let x(f) = -292983*f - 43654465. What is x(-149)?
2
Let r(j) = -820*j + 26382. Calculate r(32).
142
Let m(p) = 103729*p - 1659657. What is m(16)?
7
Let r(q) = q**2 - 170*q + 2547. Calculate r(15).
222
Let o(w) = 10*w**3 + 247*w**2 + 452*w - 10. Give o(-2).
-6
Let i(x) = -148*x**2 - 7999*x - 371. Calculate i(-54).
7
Let z(w) = 3*w**3 - 260*w**2 + 3861*w - 85. What is z(19)?
-9
Let j(c) = -c**2 - 28104*c - 22399348. Calculate j(-821).
-5
Let x(l) = 3661*l**2 - 21972*l + 15. What is x(6)?
-21
Let n(j) = 15*j**2 + 262*j - 4391. What is n(-28)?
33
Let d(w) = -18018*w + 162171. Determine d(9).
9
Let j(g) = g**3 - 217*g**2 - 1112*g - 14. Calculate j(-5).
-4
Let j(q) = -q**3 + 673*q**2 + 702*q - 19235. Calculate j(674).
-363
Let j(t) = 286*t**2 - 2317*t - 30. Give j(8).
-262
Let r(q) = -q**3 - 15*q**2 + 699*q - 151. Determine r(-35).
-116
Let a(g) = -g**3 + 30*g**2 + 17*g + 1554. Give a(32).
50
Let n(b) = -15*b + 83. Give n(32).
-397
Let i(x) = -79755*x + 9570598. Give i(120).
-2
Let d(i) = -4*i**3 - 2*i**2 + 61*i - 6. Calculate d(-8).
1426
Let p(b) = -3*b**2 + 220*b - 1133. Give p(5).
-108
Let x(z) = -z**3 + 20*z**2 + 2163*z - 43270. What is x(20)?
-10
Let f(b) = -100*b - 37241. Give f(-376).
359
Let s(m) = -148424*m + 1484226. Determine s(10).
-14
Let m(y) = -75*y - 6927. Determine m(-92).
-27
Let p(k) = -k**3 + 9*k**2 - 238*k + 2132. Determine p(10).
-348
Let b(u) = -u**3 + 11*u**2 + 481*u - 8282. Determine b(19).
-2031
Let i(n) = 86*n + 12128. What is i(-141)?
2
Let r(x) = 2*x**3 - 601*x**2 - 468*x + 50256. Determine r(301).
-11
Let m(u) = 10132*u - 820655. Determine m(81).
37
Let z(j) = 118*j**2 - 10648*j - 42597. Calculate z(-4).
1883
Let r(q) = -40007*q - 2800512. Calculate r(-70).
-22
Let g(s) = 643*s + 79082. Determine g(-123).
-7
Let j(a) = -121038*a - 484477. Calculate j(-4).
-325
Let o(h) = -4*h**2 - 333*h + 12112. What is o(28)?
-348
Let r(b) = -16482*b + 214332. Calculate r(13).
66
Let h(c) = 31320*c - 188612. Calculate h(6).
-692
Let o(p) = 2*p**3 + 122*p**2 - 383*p + 54. Give o(3).
57
Let v(n) = 10*n**2 - 113*n - 676. Determine v(7).
-977
Let z(f) = 29741*f + 178514. Calculate z(-6).
68
Let i(h) = 1303*h - 39157. Determine i(30).
-67
Let y(z) = -3*z**3 + 260*z**2 - 204*z + 1290. Give y(86).
-1462
Let c(w) = -419*w - 134. What is c(-1)?
285
Let w(g) = -g**3 - 11*g**2 + 398*g + 5474. Determine w(-14).
490
Let d(k) = -217*k**3 - 7*k**2 - 7*k - 7. Give d(-1).
210
Let j(t) = -20*t**3 - 3*t**2 - 8*t + 36. Give j(3).
-555
Let j(f) = 3*f**2 - 2495*f + 422789. What is j(237)?
-19
Let g(n) = -72*n**3 + 93*n**2 - 184*n - 12. Calculate g(2).
-584
Let i(j) = 2*j**2 + 48*j - 459. Calculate i(-29).
-169
Let q(g) = -156683*g - 6894047. Give q(-44).
5
Let v(o) = -16*o**3 + 181*o**2 + 64*o - 1354. Give v(11).
-45
Let s(v) = -315*v - 11539. What is s(-35)?
-514
Let x(v) = -25*v**2 - 110*v - 6. Determine x(-4).
34
Let q(v) = 2*v**3 - 57*v**2 - 1723*v - 571. Determine q(-18).
311
Let d(q) = -10*q**2 - 1064*q - 363. What is d(-106)?
61
Let q(y) = 2*y**3 - 268*y**2 + 3367*y - 956. What is q(120)?
-116
Let h(p) = p**2 - 1669*p - 13456. Calculate h(-8).
-40
Let w(t) = 1167*t**2 - 3*t - 296. Give w(0).
-296
Let o(m) = -40*m + 3467. What is o(75)?
467
Let p(f) = -2108*f + 8121. Calculate p(4).
-311
Let c(n) = 8*n**3 - 1649*n**2 + 187*n + 1326. Determine c(206).
-2588
Let u(s) = -s**3 - 76*s**2 - 487*s + 21. Determine u(-7).
49
Let z(v) = -v**3 - 55*v**2 + 201*v + 1760. What is z(-58)?
194
Let d(z) = -z**2 + 5979*z + 331681. Calculate d(-55).
-189
Let l(y) = 2666*y + 1077085. Calculate l(-404).
21
Let m(f) = -17*f**2 + 2619*f - 403. Determine m(154).
-249
Let c(d) = 381*d**3 + 12*d**2 + 56*d + 43. Calculate c(-1).
-382
Let m(n) = 1178*n + 270929. Give m(-230).
-11
Let t(a) = -3051*a - 21390. Determine t(-7).
-33
Let m(a) = 38*a**2 + 133*a + 42. Calculate m(0).
42
Let l(y) = -356*y**3 + 62*y**2 + 141*y - 203. Determine l(1).
-356
Let k(g) = 56225*g - 112461. Determine k(2).
-11
Let u(c) = -c**3 - 8*c**2 + 166*c + 854. Determine u(-15).
-61
Let x(n) = 532*n + 4285. Give x(-8).
29
Let w(z) = -494*z**3 - 1979*z**2 - 6*z + 21. Determine w(-4).
-3
Let g(m) = -196298*m - 1177791. What is g(-6)?
-3
Let g(q) = 68213*q - 6207371. Calculate g(91).
12
Let j(l) = -l**3 - 369*l**2 - 5977*l + 2461. Give j(-352).
-3
Let x(t) = 9*t**2 - 728*t - 85319. Give x(-65).
26
Let y(u) = 338*u**2 + 920*u - 250. Determine y(-3).
32
Let m(l) = -1133*l + 31650. Determine m(28).
-74
Let j(l) = -14*l**3 - 1152*l**2 - 330*l - 167. Give j(-82).
-3
Let o(p) = -30302*p + 2908940. Determine o(96).
-52
Let x(m) = 820*m + 30395. Give x(-37).
55
Let s(x) = 40*x - 646. Determine s(11).
-206
Let v(x) = 86200*x - 258605. Determine v(3).
-5
Let z(g) = -g**2 + 1848*g - 43827. Give z(24).
-51
Let i(f) = -702*f + 7370. Give i(11).
-352
Let r(k) = 246*k**2 - 2955*k + 18. Determine r(12).
-18
Let l(a) = 119*a**2 + 743*a + 163. What is l(-6)?
-11
Let h(b) = 487*b**2 + 53*b - 55. Calculate h(1).
485
Let s(i) = 5975*i + 478000. Calculate s(-80).
0
Let a(m) = -293*m + 5091. What is a(18)?
-183
Let c(i) = 86*i**2 - 32251*i - 33. Calculate c(375).
-408
Let w(q) = 15*q - 7246. Determine w(487).
59
Let s(a) = a**3 + 9*a**2 - 209*a - 2344. Give s(-13).
-303
Let v(z) = -140*z**2 - 20585*z - 739. Give v(-147).
-4
Let o(w) = 6*w**2 + 30731*w + 703634. Determine o(-23).
-5
Let x(p) = 8*p**2 - 38